1. What are the prime factors of g(-3)?
2, 17
Suppose -6 - 2 = -4*j. Suppose 0 = j*p - 225 + 59. List the prime factors of 1/4 + p/4.
3, 7
Suppose -4*q = -243 - 1. Let i = q - -5. List the prime factors of i.
2, 3, 11
What are the prime factors of 2 + 4 + (-10)/((-100)/30130)?
3019
Suppose -4*z - 4*j - 11 = 5, 20 = 3*z - 5*j. Suppose h - 2*h - 3 = z. Let w = 14 - h. List the prime factors of w.
17
Suppose 0 = -4*f - u + 5479, -11*u + 15*u + 4133 = 3*f. List the prime factors of f.
3, 457
Suppose -2*h + 19 = a + 3*h, 4*a - h - 13 = 0. Suppose a*o - 164 = -4*y, 2*o = 5*y + 90 - 22. List the prime factors of o.
3, 13
Suppose 8*y - 10*y - 48 = 0. Let q = y - -26. Suppose 3*n - 5*u - 43 = 0, 7*n + 3*u - 83 = q*n. List the prime factors of n.
2
Suppose 23*f + 16 = 24*f. Let g(v) = v**3 - 15*v**2 - 13*v + 35. What are the prime factors of g(f)?
83
Let t(y) = 4*y**2 + 45*y - 6. Let c(u) = u**2 + 9*u - 1. Let s(j) = 11*c(j) - 2*t(j). What are the prime factors of s(-4)?
13
Let l(g) = g**3 - 15*g**2 - 25*g + 15. Let u(k) = 5*k - 18. Let y be u(7). What are the prime factors of l(y)?
2, 3, 7
Suppose 1911 = 12*c - 1845. Suppose 2*q - c = -17. What are the prime factors of q?
2, 37
Let p(f) = -f - 2. Let k be p(-4). Suppose -5*v + 381 = 4*j, -153 = -k*j + 3*v + 10. What are the prime factors of j?
89
Suppose 3*o - 3*s = 642, 2*s - 1088 = -5*o + s. Suppose 7*m - o = 441. List the prime factors of m.
2, 47
Let f be 0 + 0*(-2)/(-6). Let x(o) = 12 + f*o - 11 + 17 + o. List the prime factors of x(-9).
3
Suppose 274 = 2*w + 3*s, 3*w - 255 = -2*s + 161. List the prime factors of w.
2, 5, 7
List the prime factors of (3087/(-6))/(2/(-4)).
3, 7
Let q = 25 - -7. Suppose 3*n - 2*m + m - 14 = 0, -4*n + 4*m = -q. Suppose -4*j - j - c + 39 = 0, -n*j = -4*c - 28. List the prime factors of j.
2
Let v = 557 + -144. What are the prime factors of v?
7, 59
Let j(l) = -706*l - 186. List the prime factors of j(-4).
2, 1319
Let z(j) = 2*j**2 - 12*j + 91. List the prime factors of z(12).
5, 47
Suppose i = -5*c + 4876, -3*i - 2940 = 4*c - 7*c. List the prime factors of c.
2, 61
Let m = 2445 - 1396. What are the prime factors of m?
1049
Suppose 4*d = 140 - 24. Suppose 4*m + 5 = d. Suppose 0 = 5*i - 3*i - m. What are the prime factors of i?
3
Suppose 0 = 2*u - 8 - 20. Suppose 0 = -f - f - t + 6, -u = -4*f - t. Suppose f*m - 54 = m. List the prime factors of m.
2, 3
Let n(o) = -5*o - 23. Suppose -4*j = -m + 1, 4*m + j = 2*j - 71. What are the prime factors of n(m)?
2, 3
Let m = -26 - -24. List the prime factors of 700/8 - (-1)/m.
3, 29
Let l = 49 - 47. Suppose 3*u - 76 = 17. Suppose l*n = n + u. What are the prime factors of n?
31
List the prime factors of ((-16)/10)/((-22)/5390).
2, 7
Let v be 2/6 - (-3)/(-9). Suppose 0*b + 3*b - 15 = v. Suppose -2*q = m - 28 - 31, 164 = b*q - 3*m. List the prime factors of q.
31
Let z = -1109 - -2277. List the prime factors of z.
2, 73
Let u(f) = f**3 - 2*f**2 - 3*f. Let o be u(3). Let d(x) = -2*x + 30. List the prime factors of d(o).
2, 3, 5
Let x = -2 + 8. Suppose -138 = -3*h - x. List the prime factors of h.
2, 11
Let d(m) be the first derivative of m**6/180 + m**5/120 + m**4/24 + 5*m**3/3 - 5. Let t(c) be the third derivative of d(c). List the prime factors of t(-3).
2
Let h be (-8)/(-3)*(-3)/(-2). Suppose -3*n + 5*u = -0*u - 275, h*n - 4*u - 364 = 0. Suppose -o = -3*o + n. What are the prime factors of o?
3, 5
Let j = 10 - 7. Let b(m) = 3*m**2 + 52*m + 40. Let z be b(-17). Let l = z + j. List the prime factors of l.
2, 13
Suppose 4*u + 4*z - 139 = 7*u, 0 = -3*u + 2*z - 143. Let w = 19 - u. What are the prime factors of w?
2, 17
Let r(l) = -l**2 - 11*l + 28. Let p be r(-13). Suppose 4*y = p*k - 78, -4*y = k - 6*k + 201. List the prime factors of k.
41
What are the prime factors of (790/(-3))/(98/(-147))?
5, 79
Suppose -2 + 42 = -5*i. Let h = i + 12. What are the prime factors of (2/h)/(3/78)?
13
Suppose -p - 1 = 3*u - 7, 2*u + 3*p = 4. Suppose -u*z - z + 4*f + 84 = 0, -3*f + 140 = 5*z. What are the prime factors of z?
2, 7
Let b = 211 - 141. Suppose 3 = 3*u - 4*j - 2, -3*u = -3*j - 6. Suppose -2*h + b = u*h. List the prime factors of h.
2, 7
Let i(w) = -w**3 + 11*w**2 + 13*w + 9. Let y be i(11). Suppose 2*q = 5*j - 733, -4*j + 5*j = -5*q + y. What are the prime factors of j?
3, 7
Suppose -2*g - 3 = -3*g. Let m = -1362 - -1422. Suppose n - m = -n - v, -4*n + g*v = -140. List the prime factors of n.
2
Let g = 78 + -86. What are the prime factors of 2852/34 - g/68?
2, 3, 7
Let d = 17 - 15. Suppose 4*l + d*o = 940, -2*o - 508 = -3*l + 204. List the prime factors of l.
2, 59
Let h be (1308/18)/(159/(-54) - -3). Suppose -h = -6*p - 0*p. What are the prime factors of p?
2, 109
Let o(a) = 1706*a - 9. List the prime factors of o(1).
1697
Let o = -48 - -53. List the prime factors of (32/12 - o)/(1/(-42)).
2, 7
Let y(i) = 11*i - 1. Let n be y(1). What are the prime factors of n*(-4 - (-120)/25)?
2
What are the prime factors of (-6)/11 - (0 - 65370/55)?
2, 3, 11
Suppose -11*w = -8*w + 33. Let z(q) = -q**3 - 10*q**2 + 4*q - 3. What are the prime factors of z(w)?
2, 37
Let i(q) = 28*q**3 - 5*q**2 - 2*q - 26. What are the prime factors of i(5)?
3, 7, 53
Let d = 4 - 1. Suppose 100 = 3*x - 5*n, 2*x + 1 - 66 = d*n. List the prime factors of x.
5
Let k be (-3948)/(-7)*(-1)/(-3). Let u = k - 113. List the prime factors of u.
3, 5
What are the prime factors of (-322)/14*(-13 + 0)?
13, 23
Suppose -3549 = 51*m - 42054. What are the prime factors of m?
5, 151
Let g(f) = 7*f**2 + f + 12. Let c be g(-3). Let y = 135 - c. List the prime factors of y.
3, 7
Suppose 3*v - 4*n - 653 = 0, -4*v + 25*n + 864 = 21*n. List the prime factors of v.
211
Suppose 30 = 6*o - 12. Let m = 65 - o. What are the prime factors of m?
2, 29
Let v(w) = w**3 + w**2 - w + 19. Let o be v(0). Let r(g) = -4*g**2 + 7*g. Let f be r(3). Let u = o + f. List the prime factors of u.
2
Suppose -3*p - 714 + 2441 = -5*u, -p + 609 = 5*u. List the prime factors of p.
2, 73
Let h be 4*(25/10)/5. Let m be ((-8)/14)/(h/(-7)). Suppose -3*c - m*s + 6*s = -34, 4*s = 5*c - 46. List the prime factors of c.
2, 3
List the prime factors of (-10)/95 + (-1 - (-8727)/57).
2, 19
Let r = 2 + 0. Suppose -r*t + 32 = 2*t + b, 0 = t - 5*b - 29. What are the prime factors of t?
3
Suppose 2510 = 3*h - g + 216, h - g - 766 = 0. Suppose -160 = 4*k - h. What are the prime factors of k?
151
Suppose -7*o + 2*o + 3*f = -1892, 0 = -5*o + 5*f + 1900. List the prime factors of o.
2, 47
Suppose -4*w + 2*l = 4526, -2*l = 3*w + 2969 + 429. Let r be (-3)/(-8) - w/(-32). Let p = 57 + r. List the prime factors of p.
2, 11
Let f(b) = -b**2 - 20*b - 10. Suppose -3*a - 25 - 23 = -4*l, 5*a = 2*l - 66. What are the prime factors of f(a)?
2, 43
Suppose 3*p - 5*w = 36, -2*p + 15 + 2 = -w. List the prime factors of (0 + -1)/(p/(-343)).
7
Let i(j) = 3*j + 14. Let y be 25 + -2*9/6. Suppose 3*c - 4*m - 28 = c, 2*m = -2*c + y. What are the prime factors of i(c)?
2, 5
Suppose 30 = -y + 6*y. Let i(n) = 9*n**3 - 8*n**2 + 14*n. Let q(f) = -5*f**3 + 5*f**2 - 8*f. Let l(g) = 6*i(g) + 11*q(g). List the prime factors of l(y).
2, 3
Let m = -2768 + 5837. List the prime factors of m.
3, 11, 31
Suppose 28 = -g - g + 2*f, -2 = g + 2*f. Let w(q) = 2*q - 1. Let c be w(-1). Let b = c - g. List the prime factors of b.
7
Let n(c) = 4*c**2 - 3*c - 8. Let d be n(6). Suppose -2*a = -2*f - 0*a - d, -5*a = 5*f + 255. List the prime factors of (f/3)/((-6)/18).
5, 11
Let q be (12/10)/((-24)/(-80)). Suppose -2*k + 6*k - v = 11, 4 = -q*k - 4*v. Suppose k*t = -3*l + 40, -5*l = 2*t - 4 - 28. What are the prime factors of t?
2, 13
Let i = -1 + 3. Suppose 0 = -i*y + 6 - 2. Suppose 6 = -4*u - p + 74, 0 = y*u + 3*p - 34. List the prime factors of u.
17
Suppose 3*x - 58 = -2*h, 20 = 3*h - 4*x - 50. Suppose -124 = 2*o - h. Let f = -23 - o. List the prime factors of f.
2, 13
Let t(v) = 23*v + 4. List the prime factors of t(27).
5
Suppose 2*h + 2*h = 4*n + 1724, 5*h = 2*n + 2146. Suppose 132 + h = 5*p. What are the prime factors of p?
2, 7
Suppose 4*g - 3 = 89. What are the prime factors of g?
23
Let i(x) = -512*x + 15. What are the prime factors of i(-2)?
1039
Let f = -228 + 957. What are the prime factors of f?
3
Let t(r) = 2*r**2 + r - 8. Let j(x) = 6*x**2 + 3*x - 23. Let h(d) = -6*j(d) 